In base 7, what is 44132116 + -4?
44132112
In base 9, what is -657 + -122252?
-123020
In base 6, what is 24301110555 + -11?
24301110544
In base 14, what is -27633 - -8cc?
-26b45
In base 4, what is -21 + -32013211012?
-32013211033
In base 7, what is 12404260 - 1226?
12403031
In base 10, what is 348133 - 9?
348124
In base 7, what is -1033 - -5102506?
5101443
In base 7, what is -44412513 + 133?
-44412350
In base 9, what is 337285 + -1767?
335417
In base 14, what is -896b + 6bc?
-828d
In base 6, what is 14242325420 - 5?
14242325411
In base 16, what is 1a - 149a4?
-1498a
In base 11, what is -88919 - 3?
-88921
In base 2, what is -1101001111 - 11100011011100101?
-11100101000110100
In base 6, what is -131044033 + 1?
-131044032
In base 9, what is 827342 + -7?
827334
In base 5, what is -2104403001 + 1?
-2104403000
In base 3, what is -10201001201 - 11120021?
-10212121222
In base 5, what is 22320 + 304341?
332211
In base 4, what is 1031 + 11113101330?
11113103021
In base 12, what is -156 + 6209b?
61b45
In base 5, what is -2201432 - -1033?
-2200344
In base 16, what is -167f371 - -8?
-167f369
In base 4, what is -10 + 3313120221?
3313120211
In base 5, what is -4121031114 + 400?
-4121030214
In base 11, what is -7921954 - 3?
-7921957
In base 7, what is -1635263 - -13161?
-1622102
In base 10, what is -27491401 - 1?
-27491402
In base 6, what is -2042 - -123112?
121030
In base 13, what is 5628c73 - 8?
5628c68
In base 13, what is 288bb + 96?
28984
In base 7, what is 126452 + -5503?
120646
In base 4, what is 1111 - -10203321?
10211032
In base 9, what is -5 - 1120200?
-1120205
In base 4, what is -210312123 - -3310?
-210302213
In base 6, what is -35 + 114144053?
114144014
In base 12, what is b7a30 - -b?
b7a3b
In base 3, what is 100011210 - -12201010?
112212220
In base 3, what is 202101121000 + 112?
202101121112
In base 8, what is -2 + -31000770?
-31000772
In base 10, what is -125 + -888001?
-888126
In base 9, what is 14 + 16050202?
16050216
In base 12, what is 10382b - -254?
103a83
In base 9, what is -163837 - 8580?
-173527
In base 8, what is -1446024451 - 0?
-1446024451
In base 11, what is 5 - -69279943?
69279948
In base 6, what is -11244232505 + 0?
-11244232505
In base 3, what is -10010 + -2022220222?
-2100001002
In base 5, what is 1244410 + -44420?
1144440
In base 7, what is 246624 - 1362?
245232
In base 11, what is -3 - -1a59113?
1a59110
In base 8, what is -456214 + 2?
-456212
In base 7, what is 26 + -221212621?
-221212562
In base 9, what is 35255 - 348?
34806
In base 12, what is -11b - 29420?
-2953b
In base 13, what is 537c5 + 2a?
53822
In base 3, what is -1101221 - -112021011?
110212020
In base 16, what is -39487f51 + 4?
-39487f4d
In base 3, what is 10200 - 1110101111100?
-1110101100200
In base 15, what is 10527 + -31b?
1020b
In base 8, what is 1 - -66767740?
66767741
In base 12, what is -1 - -9087a1b?
9087a1a
In base 12, what is -23 - -4a555?
4a532
In base 9, what is 43 + -4754677?
-4754634
In base 13, what is a605cb - -2?
a60600
In base 2, what is 110011010110001 + -1000011000000?
101010111110001
In base 10, what is 463 + -268907?
-268444
In base 15, what is 126 + -296b?
-2845
In base 16, what is 4ce + -60aa?
-5bdc
In base 14, what is 10189d - -98?
101957
In base 14, what is 3dc3610 + -7?
3dc3607
In base 13, what is 4046 + -7b47?
-3b01
In base 6, what is 425302 + -150534?
234324
In base 5, what is 333300 - 1033?
332212
In base 12, what is -95a3620 + a?
-95a3612
In base 15, what is 93d9 - -ba?
94a4
In base 13, what is 91 + 94a19?
94aaa
In base 10, what is 1 - 20104781?
-20104780
In base 5, what is -33331 + -22330320?
-22414201
In base 11, what is 3 - 4902906?
-4902903
In base 2, what is 1000 - 1101011111111111011000100?
-1101011111111111010111100
In base 4, what is -2001200 + 23202?
-1311332
In base 3, what is 10012212121202 - 12?
10012212121120
In base 3, what is -12 + -12211121021002?
-12211121021021
In base 6, what is 223412523 + 340?
223413303
In base 6, what is 40 - -54513055?
54513135
In base 11, what is 11 - 16492a3a?
-16492a29
In base 16, what is -18ed4 + -139a?
-1a26e
In base 12, what is -132080 - 1132?
-1331b2
In base 14, what is -13 - 8ac07b?
-8ac090
In base 8, what is -364624367 - 2?
-364624371
In base 5, what is -3203141 + 204310?
-2443331
In base 6, what is -400 + -1125431?
-1130231
In base 5, what is 121334 - -10134?
132023
In base 4, what is -10 + 22321223001312?
22321223001302
In base 7, what is -204163133 + -1?
-204163134
In base 16, what is a9859 - 8?
a9851
In base 5, what is 2 - -232432102?
232432104
In base 15, what is -2 + -1e730a0?
-1e730a2
In base 4, what is 2212202 - -10320330?
13133132
In base 2, what is -111100100011000001101 - -111?
-111100100011000000110
In base 12, what is -38b1 - -2666?
-1247
In base 13, what is -64817 - -54?
-64793
In base 11, what is -237 - 2374?
-2600
In base 13, what is 3128a17 + -29?
31289bb
In base 9, what is -2366816 - 4?
-2366821
In base 14, what is 43b8 + 8a9?
4c83
In base 14, what is -1b + 8a7246?
8a7229
In base 7, what is -5 + 63024036?
63024031
In base 11, what is -33200a7 - 2?
-33200a9
In base 6, what is 1203253231 - 1?
1203253230
In base 9, what is -105 + 5026?
4821
In base 12, what is 1a + 121469?
121487
In base 14, what is -2aa - -70b1?
6c05
In base 13, what is 6ac - -7831?
8210
In base 5, what is 3 - 11123331133?
-11123331130
In base 2, what is -1001101011 - -100100001011?
11010100000
In base 16, what is -24b2 + -3a1?
-2853
In base 7, what is -5260 - 2313?
-10603
In base 14, what is -90da + -1b38?
-ac34
In base 3, what is -1120020210220220 - 100?
-1120020210221020
In base 5, what is -11 - 24000402303?
-24000402314
In base 16, what is -17 - 13b775?
-13b78c
In base 6, what is -4032 - 23121?
-31153
In base 12, what is 666ab906 - 0?
666ab906
In base 12, what is 44 + -307211?
-307189
In base 9, what is 27617 - 13003?
14614
In base 11, what is 32518 - 13630?
19998
In base 2, what is -100101 - 10011000011100100000?
-10011000011101000101
In base 3, what is -120222210000012 - -12?
-120222210000000
In base 11, what is 2833340 + -17?
2833324
In base 3, what is -22221121201002 - -1220?
-22221121122012
In base 6, what is 3 - -422021522?
422021525
In base 4, what is 12202313322323 + 10?
12202313322333
In base 3, what is 201 - 211201211221?
-211201211020
In base 2, what is -1011010000111110111 - -1001101?
-1011010000110101010
In base 2, what is 101 + -11001000011011110010110011101?
-11001000011011110010110011000
In base 8, what is 26260342 - -5?
26260347
In base 13, what is a + -b5a4bac?
-b5a4ba2
In base 11, what is -4a + 85242?
851a3
In base 10, what is 93830 - 50?
93780
In base 12, what is 2195 + -6099?
-3b04
In base 16, what is 10c0b9a + 1?
10c0b9b
In base 3, what is 11 + -11120011101122?
-11120011101111
In base 7, what is 540 + -262133?
-261263
In base 11, what is -2844 - -1a395?
17651
In base 10, what is -61100900 + 4?
-61100896
In base 11, what is 63 - -1a8277?
1a832a
In base 2, what is 10 + -111110111000110001111?
-111110111000110001101
In base 7, what is -26355 + -2105?
-31463
In base 11, what is 3 + -1831a89?
-1831a86
In base 15, what is -bacb23 - -2?
-bacb21
In base 4, what is -11 + -21133230232022?
-21133230232033
In base 7, what is -23223414 - 13?
-23223430
In base 13, what is 22c8450 + 1?
22c8451
In base 14, what is b41237 - 1c?
b41219
In base 7, what is -1416130 + -43?
-1416203
In base 4, what is -10320212030310 + -10?
-10320212030320
In base 7, what is 3 + -26040562?
-26040556
In base 16, what is -5 - 88def0e?
-88def13
In base 9, what is 12751601 + -1?
12751600
In base 8, what is -75013210 + 4?
-75013204
In base 7, what is 5652252301 + 0?
5652252301
In base 5, what is 10402012 - 1023?
10400434
In base 6, what is 43 - -10450445?
10450532
In base 7, what is -1 - -3133645132?
3133645131
In base 13, what is 17aa256b - 3?
17aa2568
In base 14, what is -65 - 17b4a0?
-17b525
In base 7, what is -6612343 + 363?
-6611650
In base 4, what is -1000003220000 - 1?
-1000003220001
In base 9, what is -74166 + -331?
-74507
In base 15, what is 1 + -e03493?
-e03492
In base 9, what is 5 + 8610485?
8610501
In base 9, what is -5300 + -448?
-5748
In base 9, what is -3 - 13460771?
-13460774
In base 11, what is -1 - -275007a?
2750079
In base 5, what is -14401 + -11342?
-31243
In base 7, what is -23243410 - -5?
-2324340